1 = -4*v, -4*v - 28 = -4*d. Let a = 0 + d. Suppose -5*c + 4*j - j = -73, -a*c + 4*j + 74 = 0. What are the prime factors of c?
2, 7
Let r = -3 - -17. Suppose -r*f + 13650 = 12*f. List the prime factors of f.
3, 5, 7
Suppose -3*q - 54544 + 1597 = -j, -q = -5*j + 264735. List the prime factors of j.
3, 37, 53
Suppose 2*n + 3*n = -17*n + 242286. List the prime factors of n.
3, 3671
Let m(c) = 46*c**2 + 16*c - 4. Let q(t) = -2*t**2 - t. Let g(o) = 2*m(o) + 44*q(o). What are the prime factors of g(-16)?
2, 151
Let m(g) = 28*g**2 + 3 - 3*g + 2*g - 4. Let p = -918 + 917. What are the prime factors of m(p)?
2, 7
Let c(z) = -z**2 + 15*z. Let l be c(9). Let v = l + -45. Let p(r) = r**2 + 4*r - 11. List the prime factors of p(v).
2, 53
Let m(p) = -p**3 + 6*p**2 - p - 3. Let t be m(5). Suppose -v + t = 86. Let k = 140 + v. List the prime factors of k.
71
Suppose 136*y = 137*y - 4. What are the prime factors of (168/30 - y)*265?
2, 53
Let s(l) = 156*l + 6796. List the prime factors of s(96).
2, 5443
Suppose 19903617 = 344*b + 115*b. What are the prime factors of b?
103, 421
Let w = 567 + -110. Suppose -c = -j + w, 1695 = 5*j - c - 578. List the prime factors of j.
2, 227
Let m(h) = 0*h**2 + 2*h**2 - 4 + 6*h - 7*h + h**2 + 2*h**3 + 0*h**2. Suppose 0 = -3*i + 3*g + 3, -2*i = -0*i - 4*g + 2. What are the prime factors of m(i)?
2, 37
Let w be ((-1)/1)/(3/(-27)). Let b(t) = 5116 + t**3 - 27*t - 7*t**2 + 27*t - 5135. What are the prime factors of b(w)?
11, 13
Suppose 6721*q + 157344 = 6725*q. What are the prime factors of q?
2, 3, 11, 149
Suppose 183 = 28*y + 15. Suppose -2*g + 5*v + 1193 = 0, -8*v + 2374 = 4*g - y*v. List the prime factors of g.
2, 3, 11
Suppose 3*v - 3465 = 4*l - l, -2*l = -5*v + 5781. Suppose 359 - v = -6*m. List the prime factors of m.
7, 19
Let d(w) = -2*w - 7. Let t be d(-5). Suppose 130 = 2*l + t*l. Let u = l - -81. What are the prime factors of u?
107
Let o(q) = 19169*q**2 - 236*q + 476. List the prime factors of o(2).
2, 3, 5, 71
Suppose -269*h + 320*h = -15351. Let k be (-2)/(-8) - 1082/8. Let f = k - h. What are the prime factors of f?
2, 83
Let t(y) = y**3 - y**2 + 45*y + 46991. What are the prime factors of t(0)?
7, 137
Let b = -608 - -608. Suppose b = s + 4*c - 1016, -5*s - 3*c - 245 = -5393. What are the prime factors of s?
2, 3, 43
Suppose 57*w + 40*w - 2549888 = 9*w. What are the prime factors of w?
2, 1811
Let a = -61 - -56. Let x be (a - -9)*3/(-6). List the prime factors of (200/(-3) - x)/(4/(-6)).
97
What are the prime factors of ((-289239)/(-804))/((-3)/(-408))?
2, 17, 1439
Suppose 7 = 7*x - 7. Suppose 5*h - 64 = -4*y, x*h - y = -2*h + 47. List the prime factors of ((-56)/h)/((-4)/126).
3, 7
Let g(r) = r**3 - 28*r**2 + 42*r - 43. Suppose -110 + 56 = -2*f. What are the prime factors of g(f)?
2, 181
Let v = 1565 - -2029. List the prime factors of v.
2, 3, 599
Suppose -31*t + 47353 = 5*r - 34*t, 2*r + 5*t - 18966 = 0. What are the prime factors of r?
9473
Let q(r) = -r**2 + 23*r + 80. Let c be q(20). Suppose 5*z = 10*z - 5*o - c, -3*z = -4*o - 87. List the prime factors of z.
5
Suppose 0 = -3*s + 7*s + 28. Let z(w) = -3*w**2 + 4*w - 10. Let u be z(s). Let h = -111 - u. What are the prime factors of h?
2, 37
Let g be ((-9)/(-6))/(122/(-64) - -2). Suppose 0 = -g*b + 21*b - 1770. What are the prime factors of b?
2, 3, 59
Suppose 0 = -4*a - 14 - 150. Let o = -59 - a. Let h = 159 + o. What are the prime factors of h?
3, 47
Let f = 61096 - 26466. List the prime factors of f.
2, 5, 3463
Let m(v) = v**2 + 8*v - 50. Let n be m(-12). Let q be n - (-1 - (-24)/(-4)). Suppose -5*c - 470 = -q*z, -c - 235 = -2*z - 42. What are the prime factors of z?
3, 11
Let x be (-15)/(-80)*-1154 - 6/(-16). Let f = -119 - x. List the prime factors of f.
97
Let b = -4061 - -10850. List the prime factors of b.
3, 31, 73
Let n(o) = 158*o - 1119. List the prime factors of n(22).
2357
Let c be 123/12 + (-21)/84. What are the prime factors of 56/140 - (-1286)/c?
3, 43
Suppose 24*q - 29*q + 28983 = 4*l, 2*q = -2. List the prime factors of l.
7247
What are the prime factors of (-3 + 1 + (-46850)/(-15))*42/28?
2, 2341
List the prime factors of 4/(-2)*9*159/108*-438.
3, 53, 73
Suppose 0 = 2*p + 6, -4*p + 164 + 115 = -3*q. Let y = 41 - q. Suppose 94*c = 93*c + y. List the prime factors of c.
2, 3, 23
Suppose -5*m - 21 = 2*h - 98, 46 = 3*m + h. Suppose -m = -3*r - 3*q, -3*r - r + 2*q + 8 = 0. Suppose r = g - 184. List the prime factors of g.
11, 17
Let v be 2 + (-6)/(2*4/(-8)). Suppose 6*a - v*a = -442. What are the prime factors of a?
13, 17
Let a = 422 - 418. Suppose -a*i - 4 - 8 = 0, 0 = -p + 5*i + 360. List the prime factors of p.
3, 5, 23
Let o(y) be the second derivative of 5*y**4/6 + 7*y**3/6 - 13*y**2 - 103*y. What are the prime factors of o(-8)?
2, 3, 31
Let c(a) = -27*a**3 + 13*a**2 + 9*a - 3. Let o be c(-1). What are the prime factors of 28091/o - 2/8?
17, 59
Let l = 22 - 60. Let f = l + 38. Suppose f = -0*i + 4*i - 84. List the prime factors of i.
3, 7
Let x = 236 - 234. Suppose -i = -4*u + x - 17, -u - 30 = -2*i. List the prime factors of i.
3, 5
Let n be (2 - 3) + (-9 - -10). Suppose 6*s - 2736 = -n*s. What are the prime factors of s?
2, 3, 19
Suppose -4*i - 1592 = -3*f, -9*i + 4*i - 2645 = -5*f. Let s = f + -364. List the prime factors of s.
2, 5
Let z = 579 - 501. Suppose -z*g = -85*g + 4718. What are the prime factors of g?
2, 337
Let p(z) = z**2 + 28*z - 60. Let m be p(-30). Suppose -449*t + 456*t - 7126 = m. List the prime factors of t.
2, 509
Suppose 3124 = m - 978. Let t = m + -178. What are the prime factors of 2/(-13) - t/(-156)?
5
Let t = 3397 + 1762. List the prime factors of t.
7, 11, 67
Let n(b) = -2*b**2 + 94*b + 206. Let t be n(50). Suppose -y = y + 364. Let a = t - y. What are the prime factors of a?
2, 11
Let p = -120 + 117. Let j(q) = -2*q**3 + 5*q - 4. Let n be j(p). Suppose 1374 = 41*x - n*x. What are the prime factors of x?
229
Suppose 0 = m + 17*q - 16*q - 9, -m + 2*q + 3 = 0. Suppose -642 = -h - m*k + 4*k, -5*h - 2*k = -3197. List the prime factors of h.
3, 71
Let f be -5 + (-5 - (1685 + 7)). Let o = -550 - f. What are the prime factors of o?
2, 3
Let x(o) = 690*o + 334. List the prime factors of x(10).
2, 3617
Let f(o) = 3*o - 69. Suppose 2 = 2*t, 5*z + 3*t + t - 124 = 0. Let y be f(z). Suppose -4*d = -s + 38, -y*s + 4*d = -157 + 27. What are the prime factors of s?
2, 23
Let f(s) = 9*s**2 - 56*s + 105. What are the prime factors of f(38)?
10973
Let f(u) = -2*u - 30. Let w be f(-13). Let g(s) = -82*s + 64. What are the prime factors of g(w)?
2, 7
Let r be 5*(-4 - 122/(-30))/((-2)/(-372)). Let j = 4 + 10. Suppose 22 + r = j*n. What are the prime factors of n?
2, 3
What are the prime factors of ((-16)/5)/(55/(-5) - (-33432)/3040)?
2, 19
Let i = 107576 + -70645. What are the prime factors of i?
36931
Let n = 7581 - 338. List the prime factors of n.
7243
Let h = 944 + -509. Let z be (8*(-6)/(-96))/(2/8). Suppose -z*b - h = -3*g, -4*b + 387 = 5*g - 316. What are the prime factors of g?
11, 13
Let t = 838 - -1472. What are the prime factors of t?
2, 3, 5, 7, 11
Suppose 31*j + 15*j - 19362 = 4*j. List the prime factors of j.
461
Let c = 2055 - -1537. List the prime factors of c.
2, 449
Let n be (1*-1)/((-1)/5). Suppose p - 5*z + 5 = 3*p, -2 = -2*p - 2*z. Suppose 7*d - n*d - 144 = p. List the prime factors of d.
2, 3
What are the prime factors of ((-174)/(-29) + 5/((-15)/138))*-314?
2, 5, 157
Suppose 210*u + 73*u - 2605441 = 3955631. What are the prime factors of u?
2, 3, 7, 23
Let t(s) = -156*s - 99. Let i be t(-5). Let v = i + -200. What are the prime factors of v?
13, 37
Let l(u) = u**3 - 25*u**2 - 43*u - 26. Let b be l(27). Suppose -4*v = 3*d - 329 - 489, -d = 3*v - b. What are the prime factors of d?
2, 137
Suppose 1774 = 3*n + 16*j - 20*j, -4*j + 1742 = 3*n. List the prime factors of n.
2, 293
Let h(u) = -u**3 - 47*u**2 - 38*u - 3. Suppose 238*a = 230*a - 376. What are the prime factors of h(a)?
1783
Suppose 0 = -3*h + 2*i + 366 - 1453, 4*h - 4*i + 1448 = 0. Suppose -a + 1702 = 3*l, 2274 = 4*l + a - 2*a. Let s = l + h. What are the prime factors of s?
5, 41
Let v = 208 - 313. Let z = 431 - v. List the prime factors of z.
2, 67
Let i(c) = -487*c + 32. Let f(n) = -244*n + 17. Let k(p) = -5*f(p) + 3*i(p). List the prime factors o